n factor of 22 and 27478.
22
What is the highest common factor of 196758 and 9792?
306
What is the highest common divisor of 224 and 85792?
224
Calculate the greatest common divisor of 2713490 and 39.
13
What is the highest common factor of 3735 and 5760?
45
Calculate the highest common factor of 52 and 6705166.
26
Calculate the highest common factor of 152 and 60568.
8
Calculate the greatest common divisor of 66374 and 7546.
154
What is the highest common factor of 76 and 814872?
76
Calculate the greatest common factor of 9088700 and 100.
100
Calculate the highest common factor of 49556 and 572.
52
What is the highest common divisor of 551988 and 114?
114
What is the highest common divisor of 5106 and 207?
69
Calculate the greatest common factor of 6762 and 7797.
69
Calculate the highest common divisor of 109877 and 38.
19
Calculate the highest common factor of 7690 and 474473.
769
Calculate the greatest common divisor of 36 and 548.
4
What is the highest common divisor of 1008371 and 13?
13
What is the greatest common divisor of 40 and 88210?
10
Calculate the highest common divisor of 670 and 15820.
10
What is the greatest common factor of 782000 and 1250?
250
Calculate the greatest common divisor of 1311 and 27360.
57
Calculate the greatest common divisor of 299 and 443417.
299
What is the greatest common factor of 5236 and 74732?
476
What is the highest common divisor of 2622275 and 25?
25
Calculate the highest common factor of 29971 and 16031.
697
What is the highest common factor of 170 and 440?
10
What is the highest common factor of 77 and 5819?
11
Calculate the greatest common divisor of 618919 and 245.
49
Calculate the highest common divisor of 1644 and 49524.
12
Calculate the greatest common factor of 26226 and 1786.
94
What is the highest common factor of 615 and 677935?
205
What is the highest common factor of 846 and 929331?
423
What is the highest common divisor of 5 and 155065?
5
What is the greatest common divisor of 34 and 477?
1
Calculate the greatest common divisor of 648 and 744.
24
What is the greatest common factor of 135540 and 2340?
180
Calculate the greatest common factor of 50 and 45040.
10
What is the highest common factor of 1292 and 419577?
323
What is the greatest common divisor of 53 and 290228?
53
Calculate the highest common factor of 7 and 372631.
7
What is the highest common factor of 42867 and 1287?
99
What is the highest common divisor of 1 and 508369?
1
Calculate the greatest common divisor of 2337165 and 622.
311
What is the highest common factor of 171737 and 398?
199
Calculate the highest common divisor of 384 and 4000.
32
Calculate the highest common factor of 72735 and 20.
5
What is the greatest common factor of 54 and 7749?
27
Calculate the greatest common factor of 11504 and 473821.
719
Calculate the highest common divisor of 320 and 23325440.
320
What is the highest common factor of 81380 and 6?
2
Calculate the highest common factor of 16767 and 69.
69
Calculate the greatest common divisor of 1309651 and 19.
19
Calculate the highest common factor of 3465 and 83655.
495
What is the highest common factor of 357 and 2227?
17
What is the greatest common factor of 85 and 29495?
85
Calculate the greatest common divisor of 555 and 40.
5
What is the greatest common divisor of 149919 and 7?
7
Calculate the greatest common divisor of 580 and 15892.
116
Calculate the highest common factor of 68 and 1008644.
68
What is the greatest common divisor of 21 and 66857?
7
Calculate the greatest common factor of 54270 and 57510.
810
Calculate the greatest common divisor of 1260 and 1932.
84
What is the greatest common factor of 720 and 1655?
5
What is the greatest common divisor of 68620 and 100?
20
What is the highest common divisor of 47982 and 539?
11
Calculate the greatest common divisor of 51196 and 8.
4
What is the greatest common divisor of 2348 and 95681?
587
What is the greatest common factor of 1527246 and 930?
186
What is the highest common divisor of 3599 and 1357?
59
What is the highest common divisor of 745 and 59004?
149
Calculate the highest common divisor of 2 and 82.
2
Calculate the greatest common factor of 1264 and 48.
16
Calculate the greatest common divisor of 1596 and 8456.
28
Calculate the highest common factor of 160 and 5740.
20
Calculate the highest common factor of 2044 and 15403.
73
Calculate the greatest common factor of 558 and 109647.
279
What is the highest common divisor of 18 and 100458?
18
What is the greatest common divisor of 110816 and 992?
32
What is the greatest common divisor of 30822 and 11?
11
What is the greatest common factor of 546 and 5404?
14
Calculate the greatest common factor of 1261052 and 208.
52
Calculate the highest common factor of 1128 and 595866.
282
Calculate the highest common factor of 7848 and 396.
36
What is the greatest common factor of 68327 and 84?
7
Calculate the highest common divisor of 118 and 52274.
118
What is the greatest common divisor of 430 and 9190?
10
What is the highest common divisor of 4876760 and 280?
280
What is the greatest common factor of 1494780 and 1092?
84
Calculate the greatest common factor of 61270 and 55.
55
What is the highest common divisor of 8719766 and 22?
22
What is the highest common factor of 1394 and 2012239?
697
Calculate the highest common factor of 228 and 6821.
19
Calculate the greatest common factor of 151686 and 9.
9
What is the greatest common factor of 32 and 151248?
16
Calculate the greatest common factor of 9824362 and 302.
302
Calculate the greatest common factor of 92020 and 60.
20
What is the highest common divisor of 449696 and 46?
46
What is the greatest common divisor of 1080264 and 19?
19
Calculate the highest common divisor of 44604 and 85428.
756
What is the highest common divisor of 56414 and 22734?
842
Calculate the greatest common factor of 90 and 10470.
30
Calculate the greatest common factor of 30 and 103620.
30
Calculate the greatest common divisor of 1438011 and 18.
9
Calculate the highest common factor of 63968 and 128.
32
What is the greatest common divisor of 55 and 110230?
5
What is the greatest common divisor of 7188 and 13476?
12
Calculate the greatest common factor of 42 and 72506.
14
Calculate the greatest common divisor of 1665951 and 3087.
1029
What is the highest common factor of 10381 and 434?
7
Calculate the greatest common factor of 3616 and 120800.
32
What is the greatest common divisor of 75 and 12225?
75
What is the greatest common factor of 1035407 and 755?
151
What is the highest common factor of 3422 and 1189?
29
Calculate the highest common factor of 2239134 and 26147.
2377
Calculate the highest common factor of 35828 and 10918.
106
Calculate the highest common divisor of 424270 and 33.
11
What is the greatest common factor of 35903 and 2007?
223
What is the highest common divisor of 3525 and 6400?
25
Calculate the greatest common divisor of 100399 and 143.
13
Calculate the greatest common factor of 915857 and 19.
19
What is the highest common divisor of 931 and 3577?
49
Calculate the highest common factor of 63 and 39487.
7
Calculate the greatest common factor of 110 and 479545.
55
Calculate the greatest common factor of 3487 and 160085.
317
What is the highest common divisor of 16692 and 21268?
52
Calculate the highest common factor of 344 and 105737.
43
Calculate the greatest common factor of 31350 and 21846.
66
What is the greatest common factor of 5895 and 855?
45
What is the greatest common divisor of 26980 and 5510?
190
Calculate the highest common factor of 1387720 and 30.
10
Calculate the greatest common factor of 4700 and 3400.
100
What is the greatest common divisor of 399 and 1465717?
19
What is the highest common divisor of 56052 and 8?
4
Calculate the highest common factor of 3 and 11562.
3
What is the highest common factor of 26 and 155129?
13
Calculate the greatest common divisor of 531 and 672069.
177
Calculate the highest common divisor of 4620573 and 18.
9
What is the highest common factor of 89825 and 25?
25
What is the highest common factor of 86 and 324435?
43
Calculate the greatest common divisor of 3089174 and 88.
22
Calculate the greatest common divisor of 312 and 622947.
39
Calculate the highest common factor of 41633 and 1581.
527
What is